 d. Let w be h(-4). Let f be (2/(-5))/((-2)/60). What is the highest common divisor of w and f?
4
Suppose -2*p = s - 14, -s + 27 = -p + 10. Let n(o) = 91*o - 356. Let w be n(4). What is the greatest common factor of s and w?
8
Let n = -25 + 29. Suppose -6*g = -n*g + t - 65, 5*g - 190 = 3*t. What is the highest common factor of g and 70?
35
Let q(i) = 2*i - 6. Let n be q(5). Suppose -6*o + 8 = -n*o. Let h = 67 - 31. Calculate the greatest common divisor of h and o.
4
Suppose -2*r - 4*n + 81 = 29, -5*r - 3*n + 109 = 0. Calculate the greatest common divisor of 2140 and r.
20
Let g = 3 - 9. Let u(v) be the first derivative of 2*v**3/3 + 9*v**2/2 + 15*v - 3. Let d be u(g). What is the highest common factor of d and 11?
11
Suppose 220 = 21653*a - 21648*a. Suppose -5*g + 67 = 4*q, -5*g = 2*q - 50 - 11. Suppose -4*l - g = -27. What is the greatest common factor of l and a?
4
Let s(f) = -f**3 + 12*f**2 + 21*f - 44. Let h be s(13). What is the highest common divisor of 90 and h?
30
Let t be (-33)/(-1) + 0/(-4). Let c be 6/t - (-2852)/44. Suppose -28 - 11 = -3*x. What is the greatest common factor of x and c?
13
Suppose 5*s = -10, 0 = t + 3*s - 6 + 38. Let c be (120/234 - 4/t)*36. What is the greatest common divisor of c and 3?
3
Let o(a) = 0*a**2 + 24 - a + 2*a**2 - 17. Let i be o(-5). Let z = -17 + 48. Calculate the highest common factor of i and z.
31
Let p be (195/25 + -7)/((-2)/(-50)). Let r(z) = 34*z + 4. Let d be r(4). What is the highest common divisor of p and d?
20
Let i be (-16)/136 + (-133)/(-119). What is the greatest common factor of 25 and i?
1
Let k(z) = -85*z - 200. Let s be k(-12). Calculate the greatest common divisor of 246 and s.
82
Let v be 19/(1197/162)*14/3. Suppose -382 = -4*b - a + 3*a, 2*a + 478 = 5*b. What is the greatest common factor of v and b?
12
Let d be 32*3*152/32. Calculate the highest common factor of 72 and d.
24
Suppose -15759*o + 247 = -15746*o. Let l = -324 - -476. What is the highest common divisor of o and l?
19
Let x be ((-12)/10)/(28/(-70)). Let q be 18/15*5 - x - -179. What is the highest common factor of q and 14?
14
Let g(d) = d**2 - 11*d - 76. Let b be g(-8). Calculate the highest common factor of 646 and b.
38
Suppose 88 = 4*w - g, -4*g + 8*g - 62 = -2*w. What is the greatest common factor of 253 and w?
23
Let l be (-2)/7 + -10*(-55)/(-35). Let m = 22 + l. What is the greatest common divisor of 42 and m?
6
Let t be 1 + 3 + (-87)/(-3). Suppose t = -r + 88. Calculate the greatest common factor of r and 5.
5
Let y = 128 - 127. Let d(j) = -j**3 + j**2 + 4. Let l be d(0). What is the greatest common divisor of l and y?
1
Let g = 14 + 173. What is the greatest common divisor of g and 51?
17
Let h be 12/(-4) + 101 + 0. Let v = h - 42. Let c = 25 - 11. What is the greatest common factor of v and c?
14
Let s be 4 + (960/4)/4. Calculate the highest common divisor of 1 and s.
1
Let f(l) = -l**3 + 10*l**2 + 6*l - 6. Let s be f(10). What is the highest common divisor of s and 36?
18
Let y = 872 + -472. What is the highest common divisor of 50 and y?
50
Let m be 3176/44 - (72/33 + -2). What is the greatest common divisor of 27 and m?
9
Let g(n) = n**2 - 12*n + 39. Let r be g(12). Calculate the highest common factor of r and 273.
39
Let u(y) = -28*y**3 + 2*y**2 - y. Suppose 8*i = 3*i + 5. Let b be u(i). Let a = -18 - b. Calculate the highest common factor of 1 and a.
1
Let p = -85 + 112. What is the highest common factor of p and 72?
9
Let m be (-41)/(-1) + (-3)/(-3). Suppose 3*h - y - 48 = 31, 0 = 3*h - 2*y - 74. Suppose 2*l - h = -0*l. What is the greatest common factor of m and l?
14
Let f = 687 + -582. Calculate the highest common divisor of 490 and f.
35
Let c = -56 + 70. Calculate the greatest common divisor of 56 and c.
14
Suppose -14 = -6*w + 166. What is the highest common divisor of w and 315?
15
Suppose -3*n = n + 2*z - 184, -220 = -5*n - 5*z. Calculate the highest common divisor of 240 and n.
48
Let r(a) = -a**3 + 3*a**2 + 5*a - 4. Let t be r(3). Let y = t + -46. Let v = y - -100. Calculate the greatest common factor of v and 26.
13
Suppose 5*g = -4*l + 6, -5*g = 4*l - g - 8. Suppose -l*v - 50 = -210. What is the greatest common factor of v and 40?
40
Let f(h) = 2*h**2 + 550 - 3*h**2 - 14*h - 570 - 3*h. Let n be f(-14). Suppose 3*t - 10 = 23. Calculate the greatest common factor of t and n.
11
Let p = 365 - 342. What is the greatest common divisor of p and 851?
23
Let r(j) = -j**3 - 50*j**2 - 49*j + 9. Let d be r(-49). Suppose l = s - 3*s - 5, -4*l - 2*s + 4 = 0. What is the greatest common divisor of d and l?
3
Let q(b) = -2*b**2 - 22*b + 52. Let j be q(-12). What is the greatest common factor of 98 and j?
14
Let x(y) = -2*y**3 + 10*y**2 + 18*y - 1. Let o be x(6). Calculate the highest common divisor of 595 and o.
35
Suppose 65 + 2 = o. Suppose -v - o = 2*p - 4*p, -4*v - 44 = -p. Calculate the highest common factor of 112 and p.
16
Let w(k) = -14*k - 176. Let o be w(-16). What is the greatest common divisor of o and 1296?
48
Let b be 191420/255 - 8/(-6). Calculate the highest common factor of 16 and b.
16
Suppose -11*l + 1 = -10. Let s(n) = 16*n**3 - n**2. Let r be s(l). Calculate the highest common factor of r and 120.
15
Suppose -18 = -7*q + 5*q - 2*r, -4*q + 5*r + 81 = 0. Calculate the greatest common divisor of 224 and q.
14
Let s(f) = -f**2 + 13*f + 16. Let a be s(14). Suppose 3*q = -q + 16. Suppose -q*z + 5 = o, z + a*o + 12 = 4*z. What is the highest common factor of z and 6?
2
Let p be 2/(-2) + 27 + -6. Calculate the highest common factor of 160 and p.
20
Suppose 48*p - 49*p + 44 = 0. What is the highest common factor of p and 4?
4
Let a(p) = -11*p - p**2 - 24*p**3 - 1 + 9*p - 6*p**3. Let z be a(-1). Suppose 4*t - 71 = 9. Calculate the highest common factor of z and t.
10
Let z = -378 - -750. What is the highest common factor of 12 and z?
12
Let x be -5 + 1/((-1)/(-7)) + 9. Calculate the highest common factor of x and 143.
11
Let c be (-5)/5 + 0 + 3. Suppose -11 - 17 = -c*h. Calculate the greatest common divisor of 42 and h.
14
Let m be -2 + (-1 - -42) - 4. Let k(f) = f**3 + 3*f**2 - 13*f - 1. Let r be k(3). Calculate the greatest common factor of r and m.
7
Let y(a) = a**3 - 4*a**2 - 3*a - 4. Let b be y(6). Let g be b/5 - (-2 - -5). Calculate the greatest common divisor of 91 and g.
7
Let a be -10 - (-4 - (2 + -8)). Let r = a - -16. Calculate the greatest common factor of r and 44.
4
Let u(s) = s**3 - 2*s**2 - 3*s + 404. Let m be u(0). What is the highest common factor of 303 and m?
101
Suppose 3*u = 3*i - 180, -14*u + 9*u = 5*i - 350. What is the greatest common factor of i and 5?
5
Let y(h) = 4*h. Let g be y(5). Let p be 2*(-100)/18*9252/(-2056). Calculate the highest common factor of g and p.
10
Suppose 552 = 24*m + 45*m. What is the highest common factor of m and 88?
8
Suppose 0 = 3*m - 33 + 51. Let d be ((-56)/(-12))/(-2)*m. Calculate the highest common factor of d and 14.
14
Let u(f) = -17 - 7*f**2 + 2*f**2 + 10*f + 4*f**2. Let j be u(7). What is the greatest common factor of 3 and j?
1
Let q be (15/(-10) - 5)*-54. What is the greatest common factor of 39 and q?
39
Suppose 21*w + 6479 = 32*w. Calculate the highest common factor of w and 19.
19
Let n(f) = 31*f**2 + 22*f - 78. Let h be n(5). What is the highest common factor of h and 3?
3
Let d be ((-60)/36)/((-6)/5310). What is the greatest common factor of d and 59?
59
Let u = 0 + 5. Let k(x) = x**2 - 3*x + 4. Let f be k(u). Calculate the highest common divisor of f and 2.
2
Suppose -p = -2*p - 3, p - 137 = -4*z. Calculate the highest common divisor of z and 7.
7
Let o(g) = 1 - 3*g + 9*g + 2*g. Let n be o(4). Let l = -23 + n. Calculate the highest common divisor of 30 and l.
10
Let p = -157 + 385. What is the greatest common divisor of p and 12?
12
Suppose 4*u - u + 4*z - 22 = 0, -14 = 3*u - 5*z. Let f(y) = 42*y - 4. Let q be f(u). What is the greatest common divisor of q and 32?
16
Let h be ((-69)/12)/((-2)/(-8)). Let l = 62 + h. Suppose 468 = -2*m + 8*m. What is the greatest common factor of l and m?
39
Let z = 126 + -72. Let r(p) = 7*p - 7. Let y be r(4). Suppose x - t = 2*t + y, 5*t = -x + 61. What is the greatest common factor of x and z?
18
Let p be (231/(-4))/(3/(-8)). Let x = -50 + 52. Suppose -4*u + 66 = x*j, 65 = 5*u - 2*j + j.